 List the prime factors of d.
2, 3, 5
Suppose 90 = -30*u + 35*u. Let p be (u/(-3))/((-6)/9). Suppose p*t = 11*t - 202. What are the prime factors of t?
101
Suppose 0 = o + 5*f - 4*f - 214, -f = 3*o - 638. Let l = o + 758. List the prime factors of l.
2, 5, 97
Suppose 0 = 5*c - 7*c + 6. Suppose -8*o + 12*o = -5*f + 1292, 782 = c*f - o. What are the prime factors of f?
2, 5, 13
Let g(n) = -165*n - 163*n + 397 + 316*n. List the prime factors of g(0).
397
Suppose 5*b + 5574 = n - 2068, 4*n = b + 1517. Let u = b - -2367. What are the prime factors of u?
2, 419
Suppose 17347 + 8091 = 14*x. Let w = x + -949. List the prime factors of w.
2, 7, 31
Suppose -3*g = 3*s - 44562, -121 = -4*g - 129. List the prime factors of s.
2, 3, 619
Let i(b) = -b**3 + 6*b**2 + 6*b - 8. Let u be i(6). Let x = -8 + u. Suppose -x*o - 182 = -22*o. What are the prime factors of o?
7, 13
Suppose 394 = 3*c - 3*d + d, 4*c + 2*d = 544. Suppose 0 = -135*u + c*u + 225. List the prime factors of u.
3, 5
Suppose -23060 = -2*x + 4*m - 1436, 6*m = 6. What are the prime factors of x?
2, 5407
Let j(v) = 9*v**2 - 137*v + 942. List the prime factors of j(43).
2, 37, 79
Let q(u) = -2*u + 22. Let v be q(10). Let s be 11/(3 + 119/(-42)). Suppose -d + 0*j = -5*j - s, 0 = 5*d + v*j - 222. List the prime factors of d.
2, 23
Let g(j) = -15*j + 47 - 4*j**2 + j**2 + 4*j**2 + j**3. List the prime factors of g(5).
2, 61
Suppose 0 = -5*g + 1 + 9. Suppose 3*t + 278 = s - g*t, 0 = -5*s + 4*t + 1285. Suppose -4*p = -4, -5*i + 2*i + s = -5*p. What are the prime factors of i?
2, 43
Let s = -1331 + 723. Let u = s + 871. What are the prime factors of u?
263
Let h(o) = -559 + 562 + 52*o - 4*o**2 + 0*o**2. Let r be h(13). Let y(g) = 25*g**2 - 7*g + 12. What are the prime factors of y(r)?
2, 3
Let p(o) = 2*o + 27. Let v be p(-17). Let a(w) = w**2 - 4*w - 19. Let q be a(v). Suppose q*m = 62*m - 180. What are the prime factors of m?
3, 5
Let u be -62*((-26)/4 - -6). Suppose -3312 = -40*t + u*t. What are the prime factors of t?
2, 23
Let p be (6 - 66)/(-1) - (-2 - -2). Suppose 10824 = 68*t - p*t. List the prime factors of t.
3, 11, 41
List the prime factors of -25 + ((-1389150)/1)/(-21).
5, 23
Suppose 36*a = 12*a + 12240. Suppose 0 = 4*i - 4*v + 145 - 849, -3*v = 3*i - a. List the prime factors of i.
173
Suppose r = -5*d - 11, 4*d = 2*r - 15 - 5. List the prime factors of 1*r*(23 + 47).
2, 5, 7
Suppose 8*o + 5*d = 14874, 0 = d - 0*d + 6. List the prime factors of o.
3, 23
What are the prime factors of (38/(-8))/(-2 + 2 - (-37)/(-57868))?
17, 19, 23
Suppose 0 = 20*o - 14*o. Suppose 354 = 2*h + 2*u - 3*u, o = -h + u + 175. What are the prime factors of h?
179
List the prime factors of (-2208)/160*1310/(-3).
2, 23, 131
Let k(g) = -g**3 + 2*g**2 + 41*g + 14. Let m be k(-22). Suppose -36*z + m = -0*z. What are the prime factors of z?
2, 149
Suppose -61*w + 65*w + 3*n - 6547 = 0, -5*w + 8198 = -n. What are the prime factors of w?
11, 149
Suppose -6867037 - 2837927 = -161*m + 271884. List the prime factors of m.
2, 3, 1291
Suppose 0 = 5*y - 5*k - 20, -4*y = -5*k + 3 - 21. Let t be 2*y*(3 - 10/4). Suppose t*n - 6*n + 305 = -5*f, 4*n = -3*f + 297. What are the prime factors of n?
3, 5
Let j = -4 - -7. Suppose -5*x = j*t + 8, -x + 8 = t + 2*t. Suppose t*q - 5*q = -12. List the prime factors of q.
2, 3
Let p = -10066 + 18941. List the prime factors of p.
5, 71
List the prime factors of (-22)/(924/1701)*724/(-3).
2, 3, 181
Suppose 0 = -2*v - 2*t + 10, -t - 3 = 5*v - 28. Suppose v*r = 2*w - 3, -2*r + 6*r = -4. List the prime factors of 118 - (4/(-16)*-4 - w).
2, 29
Let l = 348 - 346. Suppose 5*v - 1432 = -3*z, 6*z - 1888 = l*z + 4*v. List the prime factors of z.
2, 3, 79
List the prime factors of 1027 + 7 + -12 + 18.
2, 5, 13
Suppose -149*h = -48*h - 654379. List the prime factors of h.
11, 19, 31
Suppose 0 = 50*o + 55*o - 781757 - 8084338. What are the prime factors of o?
17, 4967
Let t be (-4 + 28/4)*3. Suppose 4*g = 4*p - 2 + 22, 0 = g - 3*p - t. Suppose -291 - 90 = -g*j. What are the prime factors of j?
127
Let g(h) = -6*h**2 + 24*h - 1. Let a be g(4). Let r(p) = -502*p + 16. What are the prime factors of r(a)?
2, 7, 37
Suppose 5*f - 24987 - 164436 = 4*x, 37875 = f + 4*x. What are the prime factors of f?
43, 881
What are the prime factors of 12*3/6 - -27205?
27211
List the prime factors of (-110652645)/(-3485) - (-4)/(-34).
31751
Let g(o) = 2*o**2 + o - 26. Let c be g(-11). Suppose 3*s = -15, -5*x + c = -0*s + s. What are the prime factors of x?
2, 3, 7
Let m = -8053 + 19134. What are the prime factors of m?
7, 1583
Suppose 0 = -4*k - 4*g + 113180, -17*k + 14*k + 2*g = -84875. What are the prime factors of k?
3, 9431
Let x = 708 + -200. Suppose -11446*a + 11449*a + 822 = 0. Let j = a + x. What are the prime factors of j?
2, 3, 13
Let a = -5 - -44. Let h = 72 - a. Let f = 76 + h. List the prime factors of f.
109
Let k(s) = -s**3 - 3*s**2 - 3*s + 2. Let a be k(-2). Suppose -5*b + q = 6, -2*q + a*q = 2. What are the prime factors of (1330/(-20))/(b/2)?
7, 19
Suppose -216372 = 43*s - 138*s + 69*s. What are the prime factors of s?
2, 3, 19, 73
Let x(u) = -8*u + 251. Let q be (0/(-11 - -4))/(-2 - 1). What are the prime factors of x(q)?
251
Suppose -25*i + 26*i + 159264 = 5*g, 14*g - 445939 = 3*i. What are the prime factors of g?
53, 601
Let c = -284 - -289. Suppose -c*h + 2*h = 2*b - 550, -3*h + 4*b + 574 = 0. List the prime factors of h.
2, 3, 31
Suppose y = -2*y + 9, -5*y = -3*u - 5844. Let d = -1258 - u. List the prime factors of d.
5, 137
Let n(u) = 3*u - 9. Suppose -5*x + 8 = -3*x. Let y be n(x). Suppose 3 = y*l - 36. List the prime factors of l.
13
Let v be (-10)/(10/3) + 7. Let m(h) = 11*h**2 + h + 9. List the prime factors of m(v).
3, 7
Let q be -1 + 13 - (4 + -1). Let w be ((-150)/q)/(1/3). Let x = w + 73. What are the prime factors of x?
23
Let t(z) = 62*z - 33*z - 27*z + 21. Let r be t(-10). What are the prime factors of -1*(r - 0) + 44?
43
Suppose -12*g + 16005 = -9087. Suppose 4*o - 1693 - g = 0. List the prime factors of o.
2, 11, 43
Let i be (-4)/(-18) - 750/(-27). Let s be (3 - 1) + -7 - (-736)/16. Let l = s - i. List the prime factors of l.
13
Let x(o) = 3*o + 25. Let k be x(-5). Suppose -3*p + 10 = -2*p + 4*a, 2*a - k = -3*p. Suppose c = -p*c + 2*d + 284, 2*c = d + 191. List the prime factors of c.
2, 7
Let u be (-3)/4 + (-36)/(-240)*5. Suppose -14*b = -17*b - 4*c + 2493, 5*b - 5*c - 4190 = u. What are the prime factors of b?
5, 167
Let j = 78 + -62. Suppose -j*x + 14*x + 220 = 0. Suppose -3*y - 2*y = -x. List the prime factors of y.
2, 11
List the prime factors of ((-25)/(-8)*(-60)/150)/((-9)/68184).
2, 5, 947
Suppose 2*i - 6*i = -4360. Suppose -2*l - 3*b + 1379 = 0, 3*l - i - 995 = b. What are the prime factors of l?
2, 347
Let x(g) = 7*g - 117. Let r be x(17). Suppose -3*o = -5*m - 2034, -r*o = m - 645 - 711. What are the prime factors of o?
2, 3, 113
Let h = -784 - -158. Let u = 821 + h. List the prime factors of u.
3, 5, 13
Suppose 84*d - 162371 = -5*d + 193807. What are the prime factors of d?
2, 3, 23, 29
Suppose -4*j = 3*d - 141989, -94674 = 7*d - 9*d + j. What are the prime factors of d?
5, 9467
Let o(p) = 71*p + 14. Let z be o(4). List the prime factors of (-2 + z/8)/(6/72).
3, 47
Let d = 15727 - 8895. What are the prime factors of d?
2, 7, 61
Suppose -16 + 46 = -3*w + 2*l, -4*l + 20 = -w. Let c = w - -417. List the prime factors of c.
409
Suppose -k = 4*w - 58632, 74*k + 5*w = 70*k + 234594. List the prime factors of k.
2, 3, 13, 47
Let w(j) = 25*j + 28. Let i(l) = -13*l - 14. Let x(y) = 9*i(y) + 4*w(y). Let o(b) = -24*b + 165. Let a be o(7). What are the prime factors of x(a)?
37
Let s = -61 + 502. Suppose 2*i + 5*g = s, g = -g - 10. What are the prime factors of i?
233
Let o = 4 - 7. List the prime factors of ((-36)/(-16) + o)/((-2)/2008).
3, 251
Suppose 0 = h - 4*h - 4*k - 156, -h + 5*k - 33 = 0. Let j = h + 50. Suppose -5*y - 498 = -2*v, 5*v - 3*y + j*y - 1222 = 0. List the prime factors of v.
2, 61
Let s(k) = k**3 - 155*k**2 + 189*k + 550. What are the prime factors of s(155)?
5, 47, 127
Suppose 2*z = 7*z - 15. Let y(c) = 7*c + 118. Let i be y(-17). List the prime factors of z - ((4 - i) + -107).
3, 5, 7
List the prime factors of (-64)/(-80) + 62766/5.
2, 6277
Suppose 3*c = -20*c + 69. Sup